1?
6
What is the hundred thousands digit of 18392393?
3
What is the hundreds digit of 380692?
6
What is the tens digit of 3756161?
6
What is the units digit of 155195?
5
What is the ten thousands digit of 2856719?
5
What is the ten thousands digit of 5086973?
8
What is the ten millions digit of 23374270?
2
What is the units digit of 254536?
6
What is the hundreds digit of 263146?
1
What is the units digit of 14561244?
4
What is the ten thousands digit of 833404?
3
What is the thousands digit of 1218867?
8
What is the millions digit of 7222860?
7
What is the thousands digit of 713463?
3
What is the units digit of 8532820?
0
What is the hundred thousands digit of 555141?
5
What is the thousands digit of 117740?
7
What is the hundreds digit of 28727287?
2
What is the tens digit of 1042813?
1
What is the ten thousands digit of 229431?
2
What is the tens digit of 19253095?
9
What is the ten thousands digit of 7500748?
0
What is the units digit of 16120?
0
What is the tens digit of 4436120?
2
What is the units digit of 11242814?
4
What is the ten thousands digit of 5060731?
6
What is the tens digit of 14417437?
3
What is the tens digit of 22686970?
7
What is the tens digit of 660457?
5
What is the units digit of 230549?
9
What is the hundreds digit of 190329?
3
What is the hundred thousands digit of 8879005?
8
What is the tens digit of 1079891?
9
What is the ten thousands digit of 78013?
7
What is the millions digit of 31710910?
1
What is the thousands digit of 2283070?
3
What is the hundred thousands digit of 587308?
5
What is the ten thousands digit of 1917913?
1
What is the units digit of 169586?
6
What is the thousands digit of 947336?
7
What is the tens digit of 5913078?
7
What is the hundred thousands digit of 322685?
3
What is the tens digit of 77973?
7
What is the units digit of 361126?
6
What is the tens digit of 366204?
0
What is the tens digit of 1018289?
8
What is the thousands digit of 1127640?
7
What is the units digit of 835985?
5
What is the hundred thousands digit of 364693?
3
What is the units digit of 952470?
0
What is the ten thousands digit of 1300843?
0
What is the tens digit of 1780892?
9
What is the millions digit of 2616730?
2
What is the tens digit of 462869?
6
What is the ten thousands digit of 23037?
2
What is the units digit of 2239931?
1
What is the units digit of 3685995?
5
What is the hundreds digit of 283339?
3
What is the hundreds digit of 267212?
2
What is the hundreds digit of 253576?
5
What is the thousands digit of 1672531?
2
What is the units digit of 785071?
1
What is the ten thousands digit of 578622?
7
What is the thousands digit of 5520211?
0
What is the units digit of 1924909?
9
What is the ten millions digit of 14093002?
1
What is the hundred thousands digit of 455876?
4
What is the tens digit of 1045955?
5
What is the tens digit of 127725?
2
What is the ten thousands digit of 295883?
9
What is the hundred thousands digit of 478904?
4
What is the units digit of 8730467?
7
What is the hundreds digit of 4491511?
5
What is the thousands digit of 9993522?
3
What is the units digit of 1168676?
6
What is the hundred thousands digit of 220969?
2
What is the thousands digit of 363143?
3
What is the tens digit of 638549?
4
What is the ten thousands digit of 2162901?
6
What is the hundreds digit of 2607043?
0
What is the ten thousands digit of 624173?
2
What is the thousands digit of 7927921?
7
What is the ten thousands digit of 10533?
1
What is the tens digit of 132421?
2
What is the units digit of 9854517?
7
What is the ten thousands digit of 773635?
7
What is the units digit of 2597438?
8
What is the tens digit of 84167?
6
What is the hundred thousands digit of 8807178?
8
What is the tens digit of 1126880?
8
What is the ten thousands digit of 548723?
4
What is the thousands digit of 720393?
0
What is the tens digit of 102226?
2
What is the thousands digit of 264344?
4
What is the tens digit of 5368150?
5
What is the hundred thousands digit of 632983?
6
What is the hundreds digit of 3200628?
6
What is the tens digit of 857666?
6
What is the units digit of 890829?
9
What is the tens digit of 144918?
1
What is the hundreds digit of 12562903?
9
What is the hundred thousands digit of 7062963?
0
What is the hundreds digit of 1346728?
7
What is the hundred thousands digit of 1552865?
5
What is the units digit of 11665956?
6
What is the thousands digit of 48010?
8
What is the units digit of 406292?
2
What is the hundred thousands digit of 390296?
3
What is the thousands digit of 1703?
1
What is the millions digit of 7801548?
7
What is the units digit of 380764?
4
What is the thousands digit of 435997?
5
What is the thousands digit of 268743?
8
What is the ten thousands digit of 150215?
5
What is the millions digit of 33538624?
3
What is the thousands digit of 14884336?
4
What is the tens digit of 239966?
6
What is the hundreds digit of 633801?
8
What is the millions digit of 1039496?
1
What is the thousands digit of 150857?
0
What is the tens digit of 2026719?
1
What is the ten thousands digit of 5063313?
6
What is the hundreds digit of 110325?
3
What is the hundreds digit of 18228897?
8
What is the hundreds digit of 3313701?
7
What is the thousands digit of 646844?
6
What is the hundred thousands digit of 3688151?
6
What is the ten thousands digit of 581540?
8
What is the tens digit of 855184?
8
What is the ten thousands digit of 34927663?
2
What is the ten thousands digit of 719446?
1
What is the tens digit of 325786?
8
What is the ten thousands digit of 5075584?
7
What is the hundreds digit of 1919165?
1
What is the ten thousands digit of 1038670?
3
What is the ten thousands digit of 2705937?
0
What is the ten thousands digit of 1879156?
7
What is the thousands digit of 184896?
4
What is the hundreds digit of 188719?
7
What is the hundreds digit of 2200813?
8
What is the hundreds digit of 14417247?
2
What is the ten thousands digit of 5365008?
6
What is the thousands digit of 1402776?
2
What is the units digit of 5910813?
3
What is the units digit of 13434084?
4
What is the units digit of 282330?
0
What is the units digit of 1079064?
4
What is the ten millions digit of 19320597?
1
What is the millions digit of 2217063?
2
What is the tens digit of 164014?
1
What is the hundred thousands digit of 291041?
2
What is the millions digit of 2306536?
2
What is the ten thousands digit of 1004970?
0
What is the tens digit of 23900855?
5
What is the tens digit of 211988?
8
What is the units digit of 425170?
0
What is the ten thousands digit of 2728998?
2
What is the millions digit of 7043080?
7
What is the tens digit of 810699?
9
What is the ten thousands digit of 164088?
6
What is the thousands digit of 14603814?
3
What is the hundred thousands digit of 2966342?
9
What is the hundreds digit of 7783818?
8
What is the ten thousands digit of 64922?
6
What is the units digit of 7154016?
6
What is the hundreds digit of 33734?
7
What is the hundreds digit of 524569?
5
What is the thousands digit of 3151086?
1
What is the thousands digit of 572325?
2
What is the ten thousands digit of 23591699?
9
What is the hundred thousands digit of 1742506?
7
What is the hundred thousands digit of 3424741?
4
What is the thousands digit of 7103925?
3
What is the hundreds digit of 55023?
0
What is the ten thousands digit of 1005246?
0
What is the tens digit of 2693082?
8
What is the units digit of 1794579?
9
What is the millions digit of 1985256?
1
What is the millions digit of 19154442?
9
What is the ten thousands digit of 74250?
7
What is the tens digit of 378225?
2
What is the millions digit of 9455707?
9
What is the thousands digit of 696965?
6
What is the hundred thousands digit of 147140?
1
What is the units digit of 1023050?
0
What is the ten thousands digit of 624414?
2
What is the thousands digit of 2728456?
8
What is the millions digit of 3228538?
3
What is the thousands digit of 903751?
3
What is the tens digit of 120175?
7
What is the thousands digit of 246691?
6
What is the ten thousands digit of 1481451?
8
What is the thousands digit of 1953050?
3
What is the thousands digit of 949843?
9
What is the tens digit of 10003175?
7
What is the thousands digit of 241486?
1
What is the millions digit of 2970202?
2
What is the thousands dig